{"id":32,"date":"2021-08-31T01:00:23","date_gmt":"2021-08-30T22:00:23","guid":{"rendered":"https:\/\/isemas.org\/?page_id=32"},"modified":"2025-07-08T11:42:30","modified_gmt":"2025-07-08T08:42:30","slug":"committees","status":"publish","type":"page","link":"https:\/\/sudeas.org\/isemas\/committees\/","title":{"rendered":"COMMITTEES"},"content":{"rendered":"\n<p><a href=\"http:\/\/2021.isatech.org\/\"><br>HOME<\/a>&nbsp;\u00bb&nbsp;<a href=\"http:\/\/2021.isatech.org\/committees\/\">COMMITTEES<\/a><\/p>\n\n\n\n<h1 class=\"wp-block-heading\"><\/h1>\n\n\n\n<p class=\"has-text-align-left\"><strong>Honorary Chairs<\/strong><\/p>\n\n\n\n<p>Nafiz Ar\u0131ca, Rector of Piri Reis University, T\u00fcrkiye<\/p>\n\n\n\n<p><\/p>\n\n\n\n<p><\/p>\n\n\n\n<p><\/p>\n\n\n\n<p><strong>Symposium Founding Chair<\/strong><\/p>\n\n\n\n<p>M.Ziya Sogut , Piri Reis University, T\u00fcrkiye<\/p>\n\n\n\n<p><\/p>\n\n\n\n<p><\/p>\n\n\n\n<p><\/p>\n\n\n\n<p><strong>Organizing Committee<\/strong><\/p>\n\n\n\n<p>S\u00fcleyman \u00d6zkaynak, Piri Reis University, T\u00fcrkiye<br><br>N. Murat Koray, Piri Reis University, T\u00fcrkiye<br><br>Koray \u00dclgen, Ege University, T\u00fcrkiye<br><br>G\u00fclenay A. K\u0131l\u0131\u00e7, Yalova University, T\u00fcrkiye<br><br>Talat \u0130nan, Marmara University, T\u00fcrkiye<br><br>Kateryna Synylo, National Aviation University, Ukraine<br><br>Agim Selami, ZIP Institute, North Macedonia<br><br>Sedat Vatanda\u015f, SUDEAS, T\u00fcrkiye<br><br>Utku Kale, Budapest University of Technology and Economics, Hungary<br><br>\u00d6mer Se\u00e7gin, Sakarya University of Applied Sciences, T\u00fcrkiye<br><br>Alper Dalk\u0131ran, Isparta University of Applied Sciences, T\u00fcrkiye<\/p>\n\n\n\n<p>Bat\u0131n Demircan, Bal\u0131kesir University, T\u00fcrkiye<\/p>\n\n\n\n<p>Ersin Aky\u00fcz, Bal\u0131kesir University, T\u00fcrkiye<\/p>\n\n\n\n<p>\u00c7a\u011fkan Ula\u015f, Piri Reis University, T\u00fcrkiye<\/p>\n\n\n\n<p>\u0130lter Yazar, T\u00fcrkiye<br><br><\/p>\n\n\n\n<div style=\"height:37px\" aria-hidden=\"true\" class=\"wp-block-spacer\"><\/div>\n\n\n\n<p><strong>Executive Committee<\/strong><\/p>\n\n\n\n<p>Mustafa Kurt, Rector, Marmara University, T\u00fcrkiye<br><br>Feridun Hamdullahpur, University of Waterloo, Canada<br><br>Adnan Midilli, Istanbul Technical University, T\u00fcrkiye<br><br>Abd Rahim Bin Abu Talip, University Putra Malaysia, Malaysia<br><br>Zafer Utlu, Atlas University, T\u00fcrkiye<br><br>J\u00f3zsef Roh\u00e1cs, Budapest University of Technology and Economics, Hungary<br><br>Birol K\u0131lk\u0131\u015f, OSTIM Technical University, T\u00fcrkiye<br><br>Lu Aye, University of Melbourne, Australia<br><br>Arif Hepba\u015fl\u0131, Ya\u015far University, T\u00fcrkiye<br><br>Sandro Ni\u017eeti\u0107, University of Split, Croatia<br><br>G\u00fclenay A. K\u0131l\u0131\u00e7, Yalova University, T\u00fcrkiye<br><br>Sergey Kinzhikeyev, Kazakhstan Armed Forces, Kazakhstan<br><br>Erol Arcakl\u0131o\u011flu, ASHRAE Turkish Chapter, T\u00fcrkiye<br><br>Zuhal Oktay, Democracy University, T\u00fcrkiye<br><br>Mustafa Kemal Sevindir, ASHRAE Turkish Chapter, T\u00fcrkiye<br><br>Danish Farooq, COMSATS University Islamabad, Wah Campus, Pakistan<br><br>C. \u00d6zg\u00fcr Colpan, Dokuz Eyl\u00fcl University, T\u00fcrkiye<br><br>Agnes Wangai, Dedan Kimathi University of Technology, Nyeri, Kenya<br><br>Hakan F. \u00d6ztop, F\u0131rat University, T\u00fcrkiye<br><br>D\u00e1vid Szirocz\u00e1k, Budapest University of Technology and Economics, Hungary<br><br>Samer Al-Rabeei, Ko\u0161ice Technical University, Slovakia<br><br>Sel\u00e7uk Sar\u0131ko\u00e7, Amasya University, T\u00fcrkiye<br><br>Omar Alharasees, Budapest University of Technology and Economics, Hungary<br><br>Kadir \u0130sa, ASHRAE Turkish Chapter, T\u00fcrkiye<br><br>Ramazan K\u00f6se, Dumlup\u0131nar University, T\u00fcrkiye<br><br>Can Co\u015fkun, Democracy University, T\u00fcrkiye<br><br>Alper Dalk\u0131ran, Isparta University of Applied Sciences, T\u00fcrkiye<br><br>\u00d6mer Se\u00e7gin, Sakarya University of Applied Sciences, T\u00fcrkiye<br><br>Selcen G\u00fcltekin, Bal\u0131kesir University, T\u00fcrkiye<\/p>\n\n\n\n<div style=\"height:44px\" aria-hidden=\"true\" class=\"wp-block-spacer\"><\/div>\n\n\n\n<p><strong>Sectoral Committee<\/strong><\/p>\n\n\n\n<p>Dr. Celalettin \u00c7elik, Viessman, Germany<\/p>\n\n\n\n<p>Tun\u00e7 Korun, Formgroup, T\u00fcrkiye<\/p>\n\n\n\n<p><\/p>\n\n\n\n<p><\/p>\n\n\n\n<p><\/p>\n","protected":false},"excerpt":{"rendered":"<p>HOME&nbsp;\u00bb&nbsp;COMMITTEES Honorary Chairs Nafiz Ar\u0131ca, Rector of Piri Reis University, T\u00fcrkiye Symposium Founding Chair M.Ziya Sogut , Piri Reis University, T\u00fcrkiye Organizing Committee S\u00fcleyman \u00d6zkaynak, Piri Reis University, T\u00fcrkiye N. Murat Koray, Piri Reis University, T\u00fcrkiye Koray \u00dclgen, Ege University,&hellip;<\/p>\n","protected":false},"author":1,"featured_media":0,"parent":0,"menu_order":0,"comment_status":"closed","ping_status":"closed","template":"","meta":{"footnotes":""},"class_list":["post-32","page","type-page","status-publish","hentry"],"_links":{"self":[{"href":"https:\/\/sudeas.org\/isemas\/wp-json\/wp\/v2\/pages\/32","targetHints":{"allow":["GET"]}}],"collection":[{"href":"https:\/\/sudeas.org\/isemas\/wp-json\/wp\/v2\/pages"}],"about":[{"href":"https:\/\/sudeas.org\/isemas\/wp-json\/wp\/v2\/types\/page"}],"author":[{"embeddable":true,"href":"https:\/\/sudeas.org\/isemas\/wp-json\/wp\/v2\/users\/1"}],"replies":[{"embeddable":true,"href":"https:\/\/sudeas.org\/isemas\/wp-json\/wp\/v2\/comments?post=32"}],"version-history":[{"count":57,"href":"https:\/\/sudeas.org\/isemas\/wp-json\/wp\/v2\/pages\/32\/revisions"}],"predecessor-version":[{"id":1509,"href":"https:\/\/sudeas.org\/isemas\/wp-json\/wp\/v2\/pages\/32\/revisions\/1509"}],"wp:attachment":[{"href":"https:\/\/sudeas.org\/isemas\/wp-json\/wp\/v2\/media?parent=32"}],"curies":[{"name":"wp","href":"https:\/\/api.w.org\/{rel}","templated":true}]}}